{"id":13,"date":"2025-10-04T07:13:57","date_gmt":"2025-10-04T05:13:57","guid":{"rendered":"https:\/\/wp.debauge.fr\/?page_id=13"},"modified":"2026-01-16T17:13:44","modified_gmt":"2026-01-16T16:13:44","slug":"accueil","status":"publish","type":"page","link":"https:\/\/wp.debauge.fr\/","title":{"rendered":"Accueil"},"content":{"rendered":"\n<h2 class=\"wp-block-heading\"><\/h2>\n\n\n\n<div class=\"wp-block-media-text has-media-on-the-right is-stacked-on-mobile\" style=\"grid-template-columns:auto 20%\"><div class=\"wp-block-media-text__content\">\n<h2 class=\"wp-block-heading\"><strong>\u00ab\u00a0La libert\u00e9 signifie la capacit\u00e9 de dire \u00a0oui\u00a0 lorsque le \u00a0oui\u00a0 est n\u00e9cessaire, de dire \u00a0non\u00a0 lorsque le \u00a0non\u00a0 est n\u00e9cessaire et de rester parfois silencieux lorsqu&rsquo;il n&rsquo;y a rien \u00e0 dire\u00a0\u00bb <\/strong><em>Osho<\/em><\/h2>\n<\/div><figure class=\"wp-block-media-text__media\"><img loading=\"lazy\" decoding=\"async\" width=\"832\" height=\"1024\" src=\"https:\/\/wp.debauge.fr\/wp-content\/uploads\/2025\/09\/kisspng-ananda-yoga-lotus-position-meditation-namaste-yoga-5ace9bc83eda10.0539207815234897362575-832x1024.png\" alt=\"\" class=\"wp-image-7 size-full\" srcset=\"https:\/\/wp.debauge.fr\/wp-content\/uploads\/2025\/09\/kisspng-ananda-yoga-lotus-position-meditation-namaste-yoga-5ace9bc83eda10.0539207815234897362575-832x1024.png 832w, https:\/\/wp.debauge.fr\/wp-content\/uploads\/2025\/09\/kisspng-ananda-yoga-lotus-position-meditation-namaste-yoga-5ace9bc83eda10.0539207815234897362575-244x300.png 244w, https:\/\/wp.debauge.fr\/wp-content\/uploads\/2025\/09\/kisspng-ananda-yoga-lotus-position-meditation-namaste-yoga-5ace9bc83eda10.0539207815234897362575-768x945.png 768w, https:\/\/wp.debauge.fr\/wp-content\/uploads\/2025\/09\/kisspng-ananda-yoga-lotus-position-meditation-namaste-yoga-5ace9bc83eda10.0539207815234897362575.png 1027w\" sizes=\"auto, (max-width: 706px) 89vw, (max-width: 767px) 82vw, 740px\" \/><\/figure><\/div>\n\n\n\n<p>Ces pages internet sont d\u00e9di\u00e9es \u00e0 mes pratiques d&rsquo;<strong>accompagnement Psycho-Corporelle<\/strong>, qui prend en consid\u00e9ration la personne dans sa globalit\u00e9.<\/p>\n\n\n\n<p>Les techniques que je propose suivent toujours des m\u00eames principes : accompagner la personne inconditionnellement, avec <strong>amour<\/strong>, <strong>bienveillance<\/strong>, pour qu&rsquo;elle retrouve son <strong>\u00e9lan de vie<\/strong> et son <strong>autonomie<\/strong>, sa <strong>libert\u00e9<\/strong>, pour que chaque cellule de son \u00eatre danse !!<\/p>\n\n\n\n<div class=\"wp-block-group is-nowrap is-layout-flex wp-container-core-group-is-layout-ad2f72ca wp-block-group-is-layout-flex\">\n<div class=\"wp-block-group is-vertical is-layout-flex wp-container-core-group-is-layout-8cf370e7 wp-block-group-is-layout-flex\">\n<p>Mon regard sur la vie m&rsquo;am\u00e8ne \u00e0 voir que chacun a en lui toutes les capacit\u00e9s pour \u00eatre en <strong>harmonie<\/strong> avec la vie, de mani\u00e8re autonome, affectivement, \u00e9motionnellement, psychiquement et physiquement.<\/p>\n\n\n\n<p>Dans son chemin de vie, pour pr\u00e9server son int\u00e9grit\u00e9, la personne, souvent de mani\u00e8re inconsciente, a d\u00fb mettre en place des strat\u00e9gies de survie qui la prot\u00e8gent, mais qui peuvent aussi entraver aussi \u00e9lan vital quand ces strat\u00e9gies ne sont plus utiles.<\/p>\n\n\n\n<p>Pour retrouver toutes ses capacit\u00e9s, j&rsquo;accompagne la personne dans son entieret\u00e9 avec diff\u00e9rents outils psycho-corporels qui vont du massage, \u00e0 l&rsquo;\u00e9coute active, en passant par la m\u00e9ditation, le mouvement, le travail sur les m\u00e9moires cellulaires, etc. Avec toujours dans l&rsquo;id\u00e9e de faire \u00e9voluer les figements (psychologiques, tissulaires, musculaires, cellulaires, \u00e9nerg\u00e9tiques) pour aller vers du <strong>mouvement<\/strong>, de l&rsquo;<strong>harmonie ! <\/strong>Et se sentir <strong>libre !<\/strong><\/p>\n<\/div>\n<\/div>\n\n\n\n<h2 class=\"wp-block-heading\"><strong>Bienvenue comme vous \u00eates, avec votre histoire, vos forces, vos doutes, vos questions, vos certitudes, vos utopies, vos envies, vos peines et vos joies !!<\/strong><\/h2>\n\n\n\n<div class=\"wp-block-media-text is-stacked-on-mobile\"><figure class=\"wp-block-media-text__media\"><img loading=\"lazy\" decoding=\"async\" width=\"724\" height=\"1024\" src=\"https:\/\/wp.debauge.fr\/wp-content\/uploads\/2026\/01\/Photos-site-web-724x1024.png\" alt=\"\" class=\"wp-image-424 size-full\" srcset=\"https:\/\/wp.debauge.fr\/wp-content\/uploads\/2026\/01\/Photos-site-web-724x1024.png 724w, https:\/\/wp.debauge.fr\/wp-content\/uploads\/2026\/01\/Photos-site-web-212x300.png 212w, https:\/\/wp.debauge.fr\/wp-content\/uploads\/2026\/01\/Photos-site-web-768x1086.png 768w, https:\/\/wp.debauge.fr\/wp-content\/uploads\/2026\/01\/Photos-site-web-1086x1536.png 1086w, https:\/\/wp.debauge.fr\/wp-content\/uploads\/2026\/01\/Photos-site-web.png 1414w\" sizes=\"auto, (max-width: 724px) 100vw, 724px\" \/><\/figure><div class=\"wp-block-media-text__content\">\n<p class=\"has-medium-font-size\"><strong>\u00ab\u00a0Danse quand tu es bless\u00e9. Danse si tu as d\u00e9chir\u00e9 le bandage. Danse au milieu des combats. Danse dans ton sang. Danse quand tu es parfaitement libre\u00a0\u00bb<\/strong> <em>Rumi<\/em><\/p>\n\n\n\n<p class=\"has-medium-font-size\"><strong>\u00ab\u00a0A moins que le sage ne danse, il lui manque quelque chose\u00a0\u00bb <\/strong><em>Osho<\/em><\/p>\n<\/div><\/div>\n","protected":false},"excerpt":{"rendered":"<p>\u00ab\u00a0La libert\u00e9 signifie la capacit\u00e9 de dire \u00a0oui\u00a0 lorsque le \u00a0oui\u00a0 est n\u00e9cessaire, de dire \u00a0non\u00a0 lorsque le \u00a0non\u00a0 est n\u00e9cessaire et de rester parfois silencieux lorsqu&rsquo;il n&rsquo;y a rien \u00e0 dire\u00a0\u00bb Osho Ces pages internet sont d\u00e9di\u00e9es \u00e0 mes pratiques d&rsquo;accompagnement Psycho-Corporelle, qui prend en consid\u00e9ration la personne dans sa globalit\u00e9. Les techniques que &hellip; <\/p>\n<p class=\"link-more\"><a href=\"https:\/\/wp.debauge.fr\/\" class=\"more-link\">Continuer la lecture<span class=\"screen-reader-text\"> de &laquo;&nbsp;Accueil&nbsp;&raquo;<\/span><\/a><\/p>\n","protected":false},"author":1,"featured_media":0,"parent":0,"menu_order":0,"comment_status":"closed","ping_status":"closed","template":"","meta":{"footnotes":""},"class_list":["post-13","page","type-page","status-publish","hentry"],"_links":{"self":[{"href":"https:\/\/wp.debauge.fr\/index.php\/wp-json\/wp\/v2\/pages\/13","targetHints":{"allow":["GET"]}}],"collection":[{"href":"https:\/\/wp.debauge.fr\/index.php\/wp-json\/wp\/v2\/pages"}],"about":[{"href":"https:\/\/wp.debauge.fr\/index.php\/wp-json\/wp\/v2\/types\/page"}],"author":[{"embeddable":true,"href":"https:\/\/wp.debauge.fr\/index.php\/wp-json\/wp\/v2\/users\/1"}],"replies":[{"embeddable":true,"href":"https:\/\/wp.debauge.fr\/index.php\/wp-json\/wp\/v2\/comments?post=13"}],"version-history":[{"count":26,"href":"https:\/\/wp.debauge.fr\/index.php\/wp-json\/wp\/v2\/pages\/13\/revisions"}],"predecessor-version":[{"id":448,"href":"https:\/\/wp.debauge.fr\/index.php\/wp-json\/wp\/v2\/pages\/13\/revisions\/448"}],"wp:attachment":[{"href":"https:\/\/wp.debauge.fr\/index.php\/wp-json\/wp\/v2\/media?parent=13"}],"curies":[{"name":"wp","href":"https:\/\/api.w.org\/{rel}","templated":true}]}}