{"id":206,"date":"2025-11-28T17:38:22","date_gmt":"2025-11-28T16:38:22","guid":{"rendered":"https:\/\/wp.debauge.fr\/?page_id=206"},"modified":"2026-04-08T11:22:29","modified_gmt":"2026-04-08T09:22:29","slug":"massages-de-biorealease","status":"publish","type":"page","link":"https:\/\/wp.debauge.fr\/index.php\/propositions-individuels\/massages-de-biorealease\/","title":{"rendered":"Massage de Biorealease"},"content":{"rendered":"\n<div class=\"wp-block-media-text is-stacked-on-mobile\" style=\"grid-template-columns:35% auto\"><figure class=\"wp-block-media-text__media\"><img loading=\"lazy\" decoding=\"async\" width=\"724\" height=\"1024\" src=\"https:\/\/wp.debauge.fr\/wp-content\/uploads\/2026\/01\/2-724x1024.png\" alt=\"\" class=\"wp-image-415 size-full\" srcset=\"https:\/\/wp.debauge.fr\/wp-content\/uploads\/2026\/01\/2-724x1024.png 724w, https:\/\/wp.debauge.fr\/wp-content\/uploads\/2026\/01\/2-212x300.png 212w, https:\/\/wp.debauge.fr\/wp-content\/uploads\/2026\/01\/2-768x1086.png 768w, https:\/\/wp.debauge.fr\/wp-content\/uploads\/2026\/01\/2-1086x1536.png 1086w, https:\/\/wp.debauge.fr\/wp-content\/uploads\/2026\/01\/2.png 1414w\" sizes=\"auto, (max-width: 724px) 100vw, 724px\" \/><\/figure><div class=\"wp-block-media-text__content\">\n<h2 class=\"wp-block-heading\">Qu&rsquo;est ce qu&rsquo;un Massage de Biorealease ?<\/h2>\n\n\n\n<div class=\"wp-block-group is-nowrap is-layout-flex wp-container-core-group-is-layout-ad2f72ca wp-block-group-is-layout-flex\">\n<p>Les massages de Biorealease sont une approche corporelle <strong>douce et profonde<\/strong>, qui vise \u00e0 accompagner la lib\u00e9ration des tensions physiques, \u00e9motionnelles et \u00e9nerg\u00e9tiques inscrites dans le corps. Ils s\u2019appuient sur une <strong>\u00e9coute fine du vivant<\/strong>, du rythme de la personne et de ce qui se manifeste dans l\u2019instant.<\/p>\n<\/div>\n\n\n\n<div class=\"wp-block-group is-nowrap is-layout-flex wp-container-core-group-is-layout-ad2f72ca wp-block-group-is-layout-flex\">\n<p>Plus qu\u2019un simple massage, le massage de Biorealease invite \u00e0 un <strong>rel\u00e2chement global<\/strong>, respectueux des besoins du corps. Par le toucher conscient, la respiration et la pr\u00e9sence, il soutient un <strong>processus naturel<\/strong> d\u2019autor\u00e9gulation et de retour \u00e0 l\u2019\u00e9quilibre.<\/p>\n<\/div>\n\n\n\n<p><\/p>\n<\/div><\/div>\n\n\n\n<div class=\"wp-block-media-text has-media-on-the-right is-stacked-on-mobile\" style=\"grid-template-columns:auto 40%\"><div class=\"wp-block-media-text__content\">\n<h2 class=\"wp-block-heading\">Pourquoi recevoir un Massage de Biorealease ?<\/h2>\n\n\n\n<div class=\"wp-block-group is-nowrap is-layout-flex wp-container-core-group-is-layout-ad2f72ca wp-block-group-is-layout-flex\">\n<div class=\"wp-block-group\"><div class=\"wp-block-group__inner-container is-layout-constrained wp-block-group-is-layout-constrained\">\n<div class=\"wp-block-group is-nowrap is-layout-flex wp-container-core-group-is-layout-ad2f72ca wp-block-group-is-layout-flex\">\n<p>Se faire accompagner par les massages Biorealease, c\u2019est s\u2019offrir un <strong>espace pour ralentir et se d\u00e9poser<\/strong>. Dans un quotidien souvent charg\u00e9, le corps accumule des tensions qui peuvent impacter le bien-\u00eatre global. Cet accompagnement permet de <strong>revenir \u00e0 soi<\/strong> et de retrouver une <strong>sensation d\u2019ancrage<\/strong>.<\/p>\n<\/div>\n\n\n\n<div class=\"wp-block-group is-nowrap is-layout-flex wp-container-core-group-is-layout-ad2f72ca wp-block-group-is-layout-flex\">\n<p>En laissant le corps s\u2019exprimer sans jugement, cet accompagnement permet de r\u00e9tablir un dialogue int\u00e9rieur. Le massage devient alors un soutien pour retrouver de la clart\u00e9, de la d\u00e9tente et un sentiment de <strong>coh\u00e9rence entre le corps et l\u2019esprit<\/strong>.<\/p>\n<\/div>\n<\/div><\/div>\n<\/div>\n\n\n\n<p><\/p>\n<\/div><figure class=\"wp-block-media-text__media\"><img loading=\"lazy\" decoding=\"async\" width=\"724\" height=\"1024\" src=\"https:\/\/wp.debauge.fr\/wp-content\/uploads\/2026\/01\/1-724x1024.png\" alt=\"\" class=\"wp-image-417 size-full\" srcset=\"https:\/\/wp.debauge.fr\/wp-content\/uploads\/2026\/01\/1-724x1024.png 724w, https:\/\/wp.debauge.fr\/wp-content\/uploads\/2026\/01\/1-212x300.png 212w, https:\/\/wp.debauge.fr\/wp-content\/uploads\/2026\/01\/1-768x1086.png 768w, https:\/\/wp.debauge.fr\/wp-content\/uploads\/2026\/01\/1-1086x1536.png 1086w, https:\/\/wp.debauge.fr\/wp-content\/uploads\/2026\/01\/1.png 1414w\" sizes=\"auto, (max-width: 724px) 100vw, 724px\" \/><\/figure><\/div>\n\n\n\n<h2 class=\"wp-block-heading\">Quel est le cadre de la s\u00e9ance ?<\/h2>\n\n\n\n<p>Le massage de Biorealease se pratique au cabinet \u00e0 Dardilly.<\/p>\n\n\n\n<p>Il peut \u00eatre re\u00e7u habill\u00e9 ou en sous v\u00eatement en fonction de votre confort.<\/p>\n\n\n\n<p>Le tarif de 70\u20ac, payable en liquide ou en carte bleue, correspond \u00e0 un accompagnement global de <strong>1h<\/strong>, incluant le temps de massage et les temps d&rsquo;\u00e9changes.<\/p>\n","protected":false},"excerpt":{"rendered":"<p>Quel est le cadre de la s\u00e9ance ? Le massage de Biorealease se pratique au cabinet \u00e0 Dardilly. Il peut \u00eatre re\u00e7u habill\u00e9 ou en sous v\u00eatement en fonction de votre confort. Le tarif de 70\u20ac, payable en liquide ou en carte bleue, correspond \u00e0 un accompagnement global de 1h, incluant le temps de massage &hellip; <\/p>\n<p class=\"link-more\"><a href=\"https:\/\/wp.debauge.fr\/index.php\/propositions-individuels\/massages-de-biorealease\/\" class=\"more-link\">Continuer la lecture<span class=\"screen-reader-text\"> de &laquo;&nbsp;Massage de Biorealease&nbsp;&raquo;<\/span><\/a><\/p>\n","protected":false},"author":1,"featured_media":0,"parent":73,"menu_order":1,"comment_status":"closed","ping_status":"closed","template":"","meta":{"footnotes":""},"class_list":["post-206","page","type-page","status-publish","hentry"],"_links":{"self":[{"href":"https:\/\/wp.debauge.fr\/index.php\/wp-json\/wp\/v2\/pages\/206","targetHints":{"allow":["GET"]}}],"collection":[{"href":"https:\/\/wp.debauge.fr\/index.php\/wp-json\/wp\/v2\/pages"}],"about":[{"href":"https:\/\/wp.debauge.fr\/index.php\/wp-json\/wp\/v2\/types\/page"}],"author":[{"embeddable":true,"href":"https:\/\/wp.debauge.fr\/index.php\/wp-json\/wp\/v2\/users\/1"}],"replies":[{"embeddable":true,"href":"https:\/\/wp.debauge.fr\/index.php\/wp-json\/wp\/v2\/comments?post=206"}],"version-history":[{"count":23,"href":"https:\/\/wp.debauge.fr\/index.php\/wp-json\/wp\/v2\/pages\/206\/revisions"}],"predecessor-version":[{"id":468,"href":"https:\/\/wp.debauge.fr\/index.php\/wp-json\/wp\/v2\/pages\/206\/revisions\/468"}],"up":[{"embeddable":true,"href":"https:\/\/wp.debauge.fr\/index.php\/wp-json\/wp\/v2\/pages\/73"}],"wp:attachment":[{"href":"https:\/\/wp.debauge.fr\/index.php\/wp-json\/wp\/v2\/media?parent=206"}],"curies":[{"name":"wp","href":"https:\/\/api.w.org\/{rel}","templated":true}]}}